e tens digit of o?
8
Let h = 2 - -3. Let z be 4 + (0 + 0)/5. Suppose 6*w - 3*w - 155 = z*b, -h*b = 5*w - 270. What is the units digit of w?
3
Suppose 21 = 5*m + 11. Let o = -4 - m. What is the units digit of ((-23)/1)/(o/12)?
6
Let l(o) be the second derivative of o**4/4 + o**3/3 + 3*o**2/2 + 12*o. What is the units digit of l(-1)?
4
What is the units digit of 13/(-2)*966/(-23)?
3
Let u = -177 + 631. What is the hundreds digit of u?
4
Suppose -b = -1 - 5. Suppose -4*n + b*n = -4*h + 8, 4*h = -5*n + 20. Suppose h = 3*r - 5*y - 19 - 57, -29 = -r - 2*y. What is the units digit of r?
7
Let t be (2 - (-18)/(-8)) + (-50)/(-8). What is the tens digit of (6 - 3)*124/t?
6
Let o(b) = -3*b**2 + 11 + 2*b**3 + 8*b - 7 - 12. What is the hundreds digit of o(5)?
2
Let p(y) = 3*y**2 - 4*y + 2. Let m(h) = 13*h**2 - 16*h + 7. Let w(j) = -2*m(j) + 9*p(j). Let t be w(4). What is the units digit of 16 + 1/2*t?
8
Suppose 2*w - 140 = 3*p - 23, -3*w + 188 = -2*p. What is the tens digit of w?
6
What is the units digit of 0 + -3 + (-13)/(221/(-1734))?
9
Let i(w) = -w**2 + 8*w + 3. Let p be i(5). Suppose 3*g + 3*q + 45 = 0, q = -4*g + 17 - 83. Let j = g + p. What is the units digit of j?
1
Let v = 11 - -369. What is the units digit of v?
0
Let o(n) = 5*n - 10. Let k be o(3). Let b = 196 - k. What is the hundreds digit of b?
1
Let q(n) = -3*n**2 - 5*n - 14. Let j(g) = -g**2 - 3*g - 7. Let c(z) = -5*j(z) + 2*q(z). Let x = -7 - -12. What is the units digit of c(x)?
7
Suppose 0 = 4*u - 7*u. Suppose u = 2*x + r + 17, 4*x + 46 = -4*r + 6. What is the units digit of 38/14 + (-2)/x?
3
What is the thousands digit of 1925 + 0 + (-2 - -6)?
1
Let h be 1 - (-2 + (-255 - 2)). Suppose -5*q = 5*q - h. What is the tens digit of q?
2
Let q(d) = 11*d**2 + 109*d**2 + 0*d + 0 - 3*d - 4. What is the hundreds digit of q(-1)?
1
Suppose 4*h - h - k + 349 = 0, 0 = 5*h - k + 579. What is the tens digit of (69/115)/((-1)/h)?
6
Let a(b) = b**3 + 12*b**2 + 2. Let v be a(-12). Suppose j - 101 = -v*k, k + 2*j - 52 = -0*k. What is the tens digit of k?
5
Let g(m) = 2*m + 18. Let y be g(7). Let p = y - 27. Suppose p*t - 5*j - 185 = 0, -4*t - 41 = 3*j - 182. What is the units digit of t?
6
Let k(q) = -9*q**2 + 3*q**3 - 2*q**3 + 11*q - 3*q**2 + 1 + 2. Let v be k(11). Let i(j) = 2*j**2 - 5*j + 4. What is the units digit of i(v)?
7
Let b = 158 + -101. Suppose 0 = -2*w + 4*w - 3*m - 3, -2*m + 18 = 2*w. Let o = b + w. What is the tens digit of o?
6
Let v = 41 - 39. Let g(l) = 23*l**3 + 2*l**2 + 2*l - 8. What is the tens digit of g(v)?
8
Suppose -687 = 4*n + 4*a - 2819, -5*a + 1066 = 2*n. What is the tens digit of n?
3
Suppose 0 = -3*b - b. Suppose 2*m - 8 = -4*p - 0*m, b = p - 2*m - 2. Suppose s + 43 = p*t - 54, -5*t - 5*s = -235. What is the tens digit of t?
4
Let l(w) = 4*w**2 - 5*w + 79. What is the hundreds digit of l(-20)?
7
Suppose -3*n + 3189 = -0*n. Let h = n - 631. Suppose 3*m + 3*m - h = 0. What is the tens digit of m?
7
Suppose 0 = 3*w + r - 2*r + 40, 5*r - 56 = 3*w. What is the units digit of 5*(-7)/14*w/10?
3
Suppose 49728 = 10*k + 918. What is the tens digit of k?
8
Let l = 64 + -44. Suppose -14 - l = -r. Let m = r + -14. What is the tens digit of m?
2
Let a(t) = -t + 6. Let i be a(6). Suppose i = -9*z + 74 + 124. What is the tens digit of z?
2
Suppose 4*z - f - 16725 = 0, -6*z + 3*f = -3*z - 12555. What is the units digit of z?
0
Let u be (3408/20)/((21/10)/7). Suppose -y - u = -4*m - 5*y, 5*m + 2*y - 695 = 0. What is the tens digit of m?
3
Suppose 2671 = 13*x - 6286. What is the units digit of x?
9
Let s(o) = -6 - o - 1 + 25 - 5*o. What is the units digit of s(-6)?
4
What is the hundreds digit of -5088*(-16 + 7)/18?
5
What is the units digit of 2692 + -8 + 8 - 5?
7
Let u be (((2 - 3) + -2)*-1)/1. What is the tens digit of 4/u*3 - -7?
1
Let y(s) = s**3 + s**2 + 3*s - 10. Let h(a) = a**3 + a**2 - 5*a - 1. Let b be h(-2). What is the tens digit of y(b)?
5
Let n(u) = u + 4. Suppose -3*l + r = -7, -2*r + 0 + 6 = -l. What is the units digit of n(l)?
8
Let x(b) = -18*b - 6. Let a be x(-7). Let t = a - 70. What is the units digit of t?
0
Let f(d) = d**2 + 7*d - 95. What is the hundreds digit of f(53)?
0
Let x(f) = -f**3 + 17*f**2 + 16. Let g be x(13). Suppose -4*u = -8*u + g. What is the tens digit of u?
7
Suppose 4*s - 6*s = 0. Suppose 4*u - 241 = -3*m, -m + 5*m + 4 = s. Let w = u + -41. What is the units digit of w?
0
Let k(h) = 2203*h - 4. Let s be k(-10). What is the tens digit of 4/30 + s/(-345)?
6
Suppose h - 5*h = 8. Let l = h + 2. Suppose 0 = 5*s - l*s - 190. What is the units digit of s?
8
Suppose 0 = k + 3*t - 1457, k + 4*t = -k + 2918. What is the units digit of k?
3
Let n = -8 - -11. Let p = 58 + n. What is the tens digit of p?
6
Let g = -1368 + 2847. What is the units digit of g?
9
Let h be (-9 - -8)/(2/(-94)). Suppose 0 = -3*j - 2*c + 131, 5*c - h = -j + c. What is the tens digit of j?
4
Let h be (-4 - 12/(-4))/((-2)/734). Suppose k - h = -127. What is the tens digit of k?
4
Suppose 7*s - 18 = 10*s. What is the tens digit of (-112)/s + (-2)/3?
1
Suppose 388 = -4*c + 2*m, c + 4*m + 459 = -4*c. Let z = c - -147. What is the units digit of z?
2
Let y = 9 - -25. Let s = 95 + y. What is the hundreds digit of s?
1
Suppose -13989 = -4*u - s, s = -3*u + 8385 + 2106. What is the thousands digit of u?
3
Suppose 0*w - 20 = 5*w, 3*w = 2*u - 1154. What is the units digit of u?
1
Let k(t) = t**2 - 51*t - 8. What is the tens digit of k(57)?
3
Suppose 87656 = 44*q + 18312. What is the hundreds digit of q?
5
Let z = -28 - -130. Suppose 3*o - 2*o = -z. Let l = -68 - o. What is the units digit of l?
4
Suppose -3*j - 22 = -4*c + 2*j, 0 = 3*c - 2*j - 13. Let o(w) = -10*w + 4. Let a(r) = -3*r + 1. Let p(h) = -9*a(h) + 2*o(h). What is the tens digit of p(c)?
2
Suppose -g - 90 = -3*g. Let c = g - 20. What is the tens digit of c?
2
Let u = -87 + 94. Suppose -10 = -v + u. What is the units digit of v?
7
Let h(k) = 108*k**2 + 32*k - 37. What is the thousands digit of h(6)?
4
Suppose -152 = -4*g + 4*t, g - 8*t + 13*t = 56. What is the units digit of g?
1
Let j(q) = -1 - q + q**3 - 4*q**2 - q + 6*q. Suppose 7*s - 13 = 15. What is the units digit of j(s)?
5
Suppose -2*u = 16 + 54. Suppose 6*t + 1 = 367. Let w = u + t. What is the units digit of w?
6
Suppose 2*t - 2635 = 5*i, 4*t - 5*i + 8*i = 5283. What is the thousands digit of t?
1
Suppose -4*m = -4*t - 1195 + 59, 4*t + 1104 = -4*m. What is the tens digit of -5 + 0 + (-1 - t)?
7
Let q = -15 + 17. What is the tens digit of -3 + q/(6/153)?
4
Let q(w) be the first derivative of -7*w**2 - 12*w + 9. Let s be q(-6). Suppose -2*u + i + s = 0, 3*u - i = 67 + 42. What is the tens digit of u?
3
Let o be (36/24)/(-2 - 10/(-4)). Let w(u) = 25*u - 13. What is the units digit of w(o)?
2
Let a be (-7)/((-14)/8) + 11/1. What is the units digit of a/40*-4*(-37 - 1)?
7
Let z be 6/(-36) + (-290)/(-12). Suppose 7*i - 11 = z. What is the tens digit of 20/(-8)*(-94)/i?
4
Let z(u) be the third derivative of 1/24*u**4 - 11*u**2 + 0 + 0*u + 5/2*u**3. What is the units digit of z(6)?
1
Suppose -g + 4*g - 5*o - 185 = 0, -5*g = -3*o - 319. Suppose 17 + 8 = 5*u. Suppose 0*t - 134 = -u*m + 2*t, -2*m + g = 3*t. What is the tens digit of m?
2
Suppose 4*v + 4 = -8. What is the tens digit of 5*(v/4 + 47/4)?
5
Suppose 5*w = -2*w + 42. Suppose -63 = -w*m + 933. What is the units digit of m?
6
Suppose 195*p = 198*p - 30. Let k = p - -8. What is the tens digit of k?
1
Let c(d) be the first derivative of 2*d**3/3 - 9*d**2/2 - 2*d - 12. Let w be c(8). Suppose 0 = -h - 2*j + j + w, -2*j = -3*h + 137. What is the tens digit of h?
4
Suppose 2*w - 5*w = 0. Let r be -1 - ((w - 3) + -1). Suppose -88 = -r*j - j. What is the tens digit of j?
2
Let x = -1000 - -1383. What is the hundreds digit of x?
3
Let f(k) = 16*k + 3. Let t be f(1). Suppose -15*m = -t*m + 232. What is the tens digit of m?
5
Let i = 4 + 156. Suppose 5*w + 0 = i. What is the units digit of w?
2
Let t = -1100 - -2295. Suppose -6*y - 145 = -t. What is the hundreds digit of y?
1
Let z = 297 + 263. What is the units digit of z?
0
Suppose -t + 0*t = 4*m - 58, -247 = -4*t - m. What is the units digit of t?
2
Suppose h + 2*h + 4*c = 599, -5*h + 995 = 5*c. Let b = -120 + h. What is the units digit of b?
7
Let o(n) = 115*n + 779. What is the units di